base 12.
-1605
4106 (base 7) to base 14
73d
-1c64 (base 15) to base 8
-14031
2aa (base 14) to base 6
2302
-100011110001 (base 2) to base 12
-13a9
What is -902 (base 11) in base 2?
-10001000011
What is -1433141 (base 5) in base 16?
-76d5
Convert 5425 (base 7) to base 9.
2574
600 (base 14) to base 3
1121120
-6a6a (base 15) to base 5
-1210400
Convert 2021121002 (base 3) to base 4.
22331213
370 (base 13) to base 15
29d
Convert 413 (base 13) to base 6.
3112
What is -2b22 (base 15) in base 9?
-13625
Convert -36551 (base 7) to base 11.
-7195
What is -101413 (base 5) in base 14?
-131c
Convert -2001 (base 4) to base 13.
-9c
Convert 1020212102 (base 3) to base 8.
60161
-6014 (base 9) to base 5
-120022
What is 31220 (base 6) in base 8?
10134
Convert -1b6 (base 15) to base 16.
-18c
Convert -210202 (base 3) to base 2.
-1001001011
-1132 (base 4) to base 13
-73
746 (base 9) to base 3
211120
-533 (base 15) to base 3
-1121110
152 (base 11) to base 2
10110010
Convert 15151 (base 6) to base 7.
10060
10234 (base 7) to base 13
11c2
61561 (base 7) to base 4
3222331
What is 1102212 (base 3) in base 14?
54d
-423 (base 10) to base 5
-3143
Convert 1212 (base 3) to base 14.
38
What is 80cc (base 14) in base 4?
11121310
Convert -25c (base 13) to base 10.
-415
70626 (base 8) to base 6
342342
2211121 (base 3) to base 13
c31
What is -155665 (base 8) in base 5?
-3244440
What is 9c9 (base 14) in base 9?
2586
What is 21012220 (base 3) in base 2?
1010010001110
What is -a7e5 (base 15) in base 10?
-35540
Convert 3c0c (base 14) to base 13.
4a91
What is -403013 (base 5) in base 10?
-12883
48a6 (base 11) to base 15
1d73
222120 (base 3) to base 4
23031
783 (base 9) to base 8
1202
What is -4221 (base 11) in base 10?
-5589
What is -3c8c (base 14) in base 4?
-2213110
What is 2122221 (base 3) in base 2?
11110010110
-480 (base 9) to base 13
-246
What is 3222444 (base 5) in base 2?
1101010111011101
314212 (base 5) to base 14
3bc1
13512 (base 6) to base 12
1298
What is -2556 (base 11) in base 6?
-23224
-2 (base 9) to base 11
-2
What is -120024 (base 5) in base 6?
-32153
2223313 (base 4) to base 10
10999
What is -56a (base 11) in base 9?
-836
Convert 7812 (base 9) to base 6.
42402
dc34 (base 14) to base 5
2204240
What is 1068 (base 10) in base 2?
10000101100
Convert a139 (base 15) to base 7.
201132
What is -2272 (base 10) in base 2?
-100011100000
Convert -23300 (base 5) to base 10.
-1700
What is 4101 (base 9) in base 6?
21514
What is -242424 (base 5) in base 7?
-35400
What is -14002 (base 6) in base 11?
-1696
110101001101 (base 2) to base 7
12633
Convert -879 (base 16) to base 11.
-16a2
Convert -30023 (base 4) to base 6.
-3335
103 (base 4) to base 12
17
What is 3e41 (base 16) in base 3?
210212021
What is -4a64 (base 11) in base 9?
-10047
-66271 (base 8) to base 12
-14135
What is -152 (base 6) in base 4?
-1010
What is -12515 (base 9) in base 12?
-4a72
-1362 (base 7) to base 8
-1026
What is 27 (base 11) in base 12?
25
Convert -1001011001111 (base 2) to base 11.
-3688
211101 (base 3) to base 13
376
bca (base 15) to base 6
20201
-62380 (base 10) to base 16
-f3ac
Convert 46a19 (base 11) to base 7.
401416
4f (base 16) to base 7
142
What is 922 (base 13) in base 7?
4342
Convert 20000202 (base 3) to base 10.
4394
Convert 88376 (base 9) to base 15.
1258c
What is -9674 (base 12) in base 5?
-1012004
Convert a53 (base 11) to base 3.
1201222
What is -93 (base 12) in base 4?
-1233
-21220121 (base 3) to base 14
-215d
-4095 (base 11) to base 12
-3184
Convert 383 (base 16) to base 13.
542
Convert 7c4c (base 14) to base 15.
661d
What is -b288 (base 12) in base 4?
-10233020
108a (base 11) to base 2
10110010101
-1c96 (base 13) to base 9
-5861
Convert -c9 (base 14) to base 11.
-151
Convert 65055 (base 7) to base 8.
37441
-355 (base 12) to base 3
-200102
-23140 (base 5) to base 6
-11422
3566 (base 12) to base 8
13536
10203300 (base 4) to base 6
222240
32000002 (base 4) to base 3
2220122221
What is 267 (base 12) in base 5?
2432
-d44 (base 16) to base 13
-1713
142 (base 5) to base 2
101111
Convert 41324 (base 5) to base 12.
16a2
10414 (base 6) to base 7
4141
2421 (base 7) to base 10
897
What is -1fa (base 16) in base 9?
-622
111100101110010 (base 2) to base 6
355534
16244 (base 7) to base 9
6258
Convert -3515 (base 8) to base 2.
-11101001101
1691 (base 11) to base 15
98c
-14b (base 13) to base 5
-1412
What is -142144 (base 7) in base 9?
-41247
6786 (base 9) to base 13
2391
Convert 604 (base 12) to base 9.
1164
-75 (base 9) to base 3
-2112
-10020 (base 4) to base 13
-174
-1710 (base 10) to base 11
-1315
What is -2323 (base 6) in base 16?
-22b
-501 (base 12) to base 9
-881
-58d (base 15) to base 14
-65c
405 (base 10) to base 8
625
Convert -25b0 (base 13) to base 14.
-1d66
What is b2cd (base 15) in base 4?
21032020
Convert -38c (base 14) to base 7.
-2035
Convert 9b89 (base 15) to base 6.
412403
-363 (base 10) to base 15
-193
-635 (base 7) to base 3
-102212
-547 (base 10) to base 7
-1411
-3737 (base 8) to base 10
-2015
What is -2bb (base 15) in base 10?
-626
What is 69a (base 12) in base 11?
813
769 (base 11) to base 12
64a
2293 (base 12) to base 7
14145
Convert -989 (base 10) to base 13.
-5b1
What is -332341 (base 6) in base 3?
-1102002221
-321 (base 9) to base 4
-10012
-847 (base 11) to base 5
-13034
13022 (base 6) to base 16
7a6
-26b8 (base 14) to base 2
-1101010101010
-1a67 (base 14) to base 2
-1001010111011
Convert -2111222 (base 3) to base 12.
-108b
b81 (base 13) to base 4
132230
48a (base 12) to base 3
221021
Convert 509 (base 11) to base 10.
614
Convert -cc04 (base 14) to base 8.
-104724
241 (base 12) to base 8
521
What is -1101111 (base 3) in base 4?
-33310
What is 1046 (base 7) in base 9?
458
What is -101100101110100 (base 2) in base 5?
-1213100
-2ca (base 13) to base 6
-2200
What is -11210222 (base 3) in base 11?
-2700
What is 222001 (base 3) in base 12?
4a7
Convert 112 (base 4) to base 9.
24
Convert -4230 (base 5) to base 16.
-235
What is -549 (base 16) in base 7?
-3642
Convert 770 (base 8) to base 7.
1320
Convert -737 (base 10) to base 14.
-3a9
What is -2050 (base 8) in base 10?
-1064
Convert 469 (base 12) to base 16.
291
What is -1516 (base 15) in base 12?
-2749
What is -3199 (base 13) in base 6?
-51514
95aa (base 16) to base 10
38314
What is -620 (base 8) in base 13?
-24a
-54 (base 11) to base 4
-323
Convert -9dc3 (base 14) to base 16.
-6b17
Convert -577f (base 16) to base 7.
-122206
What is -234305 (base 6) in base 15?
-60b2
Convert -2a1 (base 12) to base 5.
-3114
Convert 1002122 (base 3) to base 7.
2222
Convert -62460 (base 7) to base 11.
-10577
What is 147 (base 15) in base 7?
565
Convert -42124 (base 9) to base 5.
-1342210
Convert 332234 (base 5) to base 15.
3664
Convert -134 (base 9) to base 10.
-112
Convert 110 (base 6) to base 3.
1120
What is 14423 (base 6) in base 7?
6522
-203 (base 13) to base 4
-11111
Convert 2053 (base 14) to base 7.
22133
What is 51104 (base 6) in base 5?
203421
-22221011 (base 3) to base 5
-202021
-2242 (base 5) to base 10
-322
224 (base 8) to base 12
104
4530 (base 7) to base 4
121212
Convert 2355 (base 6) to base 16.
23f
Convert 2509 (base 13) to base 2.
1010010000000
-1306 (base 10) to base 4
-110122
Convert -21313 (base 4) to base 16.
-277
What is -17138 (base 10) in base 4?
-10023302
Convert -1011000000 (base 2) to base 8.
-1300
Convert 31a (base 13) to base 8.
1022
100211 (base 3) to base 2
100001001
Convert -200111 (base 3) to base 12.
-357
What is -1061 (base 11) in base 4?
-111312
Convert -10600 (base 7) to base 13.
-12c4
What is 211 (base 14) in base 5?
3112
What is 1b74 (base 13) in base 3?
12200202
Convert -41 (base 5) to base 8.
-25
100011100100100 (base 2) to base 8
43444
What is 2121212120 (base 3) in base 8?
144722
-3956 (base 10) to base 6
-30152
Convert -4e3 (base 16) to base 5.
-20001
What is -251b (base 12) in base 16?
-1067
What is a319 (base 15) in base 9?
52226
Convert -205043 (base 6) to base 8.
-40423
What is 946b (base 12) in base 10?
16211
-32d (base 16) to base 11
-67a
Convert 3110221 (base 4) to base 6.
143001
120120201 (base 3) to base 8
26137
Convert 1000313 (base 4) to base 9.
5622
Convert 27731 (base 10) to base 11.
19920
What is 320121 (base 4) in base 3?
11221200
504540 (base 6) to base 9
60716
Convert -7307 (base 14) to base 9.
-30143